s digit of 145703072?
7
What is the thousands digit of 59833570?
3
What is the hundred thousands digit of 63107312?
1
What is the thousands digit of 110699136?
9
What is the tens digit of 553488627?
2
What is the millions digit of 423334352?
3
What is the hundreds digit of 1022568867?
8
What is the millions digit of 39440038?
9
What is the tens digit of 896578488?
8
What is the units digit of 778922239?
9
What is the thousands digit of 2462507841?
7
What is the hundred thousands digit of 49061381?
0
What is the hundred millions digit of 554157249?
5
What is the ten thousands digit of 8784660?
8
What is the hundred thousands digit of 3777503411?
5
What is the millions digit of 49560537?
9
What is the thousands digit of 249502511?
2
What is the ten millions digit of 676306009?
7
What is the tens digit of 477613823?
2
What is the hundred millions digit of 775139066?
7
What is the ten thousands digit of 1764891945?
9
What is the hundreds digit of 2886999?
9
What is the hundreds digit of 44182356?
3
What is the hundreds digit of 62233362?
3
What is the millions digit of 82345162?
2
What is the units digit of 11378804?
4
What is the ten millions digit of 177286138?
7
What is the units digit of 62787611?
1
What is the hundred thousands digit of 82045504?
0
What is the millions digit of 951829309?
1
What is the billions digit of 1113179350?
1
What is the units digit of 92234341?
1
What is the tens digit of 235773533?
3
What is the hundred millions digit of 1750861822?
7
What is the ten millions digit of 516421534?
1
What is the hundred thousands digit of 224220440?
2
What is the thousands digit of 3612228692?
8
What is the tens digit of 86091729?
2
What is the hundreds digit of 1392153264?
2
What is the ten millions digit of 303652445?
0
What is the units digit of 842649303?
3
What is the millions digit of 216080513?
6
What is the ten thousands digit of 56736729?
3
What is the hundreds digit of 382165368?
3
What is the hundred thousands digit of 1226764147?
7
What is the tens digit of 773843699?
9
What is the units digit of 60217011?
1
What is the ten thousands digit of 59886539?
8
What is the billions digit of 1141963524?
1
What is the thousands digit of 514109444?
9
What is the ten thousands digit of 6005503200?
0
What is the ten millions digit of 1030564873?
3
What is the units digit of 298951649?
9
What is the hundred thousands digit of 272075627?
0
What is the hundreds digit of 10170412?
4
What is the ten thousands digit of 9536722?
3
What is the millions digit of 2918227615?
8
What is the hundreds digit of 518053221?
2
What is the tens digit of 42015151?
5
What is the tens digit of 2005252893?
9
What is the ten thousands digit of 1497715852?
1
What is the hundred millions digit of 354319750?
3
What is the thousands digit of 220660282?
0
What is the hundred thousands digit of 38924822?
9
What is the tens digit of 60460071?
7
What is the ten thousands digit of 1035194219?
9
What is the hundred thousands digit of 1089781769?
7
What is the hundreds digit of 262285276?
2
What is the ten millions digit of 61741269?
6
What is the ten millions digit of 296005033?
9
What is the units digit of 305921702?
2
What is the ten thousands digit of 911785905?
8
What is the hundred millions digit of 246172899?
2
What is the millions digit of 71979974?
1
What is the tens digit of 93386616?
1
What is the hundreds digit of 5801247?
2
What is the millions digit of 33323301?
3
What is the hundred thousands digit of 116028172?
0
What is the hundred thousands digit of 128923217?
9
What is the hundreds digit of 23820306?
3
What is the millions digit of 1770230876?
0
What is the ten thousands digit of 3856738715?
3
What is the ten millions digit of 1227178797?
2
What is the hundreds digit of 234246298?
2
What is the ten millions digit of 35706512?
3
What is the thousands digit of 76726240?
6
What is the hundred thousands digit of 844843479?
8
What is the millions digit of 2721786864?
1
What is the hundreds digit of 43313496?
4
What is the ten thousands digit of 1763106436?
0
What is the thousands digit of 3417146813?
6
What is the units digit of 348620287?
7
What is the tens digit of 48231480?
8
What is the ten millions digit of 987135978?
8
What is the hundreds digit of 318212882?
8
What is the ten millions digit of 598306607?
9
What is the ten thousands digit of 1332892809?
9
What is the thousands digit of 284341806?
1
What is the ten millions digit of 8158819312?
5
What is the units digit of 35114621?
1
What is the hundred thousands digit of 1067227647?
2
What is the hundred millions digit of 428440009?
4
What is the ten millions digit of 4445611365?
4
What is the hundreds digit of 533375541?
5
What is the millions digit of 904649345?
4
What is the hundreds digit of 2854649088?
0
What is the hundred thousands digit of 5198784?
1
What is the thousands digit of 351999140?
9
What is the hundred millions digit of 2066473574?
0
What is the hundred thousands digit of 607202616?
2
What is the thousands digit of 3803497348?
7
What is the thousands digit of 428730401?
0
What is the hundred thousands digit of 362783522?
7
What is the millions digit of 2043140295?
3
What is the units digit of 37477315?
5
What is the millions digit of 3977291?
3
What is the tens digit of 325714112?
1
What is the millions digit of 107056833?
7
What is the tens digit of 3627150717?
1
What is the ten millions digit of 15401742?
1
What is the hundred millions digit of 318009752?
3
What is the units digit of 70905649?
9
What is the tens digit of 68529282?
8
What is the thousands digit of 255384728?
4
What is the ten millions digit of 52608797?
5
What is the units digit of 58154513?
3
What is the tens digit of 9084555?
5
What is the thousands digit of 712427179?
7
What is the hundred thousands digit of 230466844?
4
What is the millions digit of 570400993?
0
What is the thousands digit of 661988308?
8
What is the units digit of 78157622?
2
What is the ten millions digit of 947731004?
4
What is the millions digit of 319359022?
9
What is the hundred thousands digit of 288621646?
6
What is the billions digit of 1953035936?
1
What is the hundreds digit of 101529407?
4
What is the ten thousands digit of 910109951?
0
What is the thousands digit of 34309231?
9
What is the hundred millions digit of 1270140145?
2
What is the thousands digit of 1289472514?
2
What is the hundred thousands digit of 276467784?
4
What is the millions digit of 181492650?
1
What is the thousands digit of 4459141543?
1
What is the hundreds digit of 1854243346?
3
What is the ten millions digit of 686927076?
8
What is the hundred millions digit of 503958307?
5
What is the hundreds digit of 63375326?
3
What is the hundred thousands digit of 650560?
6
What is the ten millions digit of 40731031?
4
What is the hundred thousands digit of 194653481?
6
What is the tens digit of 1854446254?
5
What is the tens digit of 4294316525?
2
What is the tens digit of 204208754?
5
What is the millions digit of 79360538?
9
What is the millions digit of 873648771?
3
What is the hundreds digit of 101846077?
0
What is the millions digit of 603362697?
3
What is the tens digit of 154676267?
6
What is the ten thousands digit of 64919101?
1
What is the ten millions digit of 103547635?
0
What is the units digit of 474645197?
7
What is the ten thousands digit of 103632945?
3
What is the ten thousands digit of 4377854836?
5
What is the hundreds digit of 259247798?
7
What is the thousands digit of 265019005?
9
What is the ten thousands digit of 6228066420?
6
What is the ten millions digit of 111034063?
1
What is the millions digit of 159404553?
9
What is the billions digit of 5536919313?
5
What is the millions digit of 337290796?
7
What is the tens digit of 166359441?
4
What is the thousands digit of 272247395?
7
What is the units digit of 316551891?
1
What is the ten thousands digit of 191810913?
1
What is the ten thousands digit of 4641856378?
5
What is the ten millions digit of 1529268267?
2
What is the hundreds digit of 26507248?
2
What is the units digit of 2425234268?
8
What is the units digit of 21508089?
9
What is the units digit of 143239318?
8
What is the units digit of 4743000600?
0
What is the hundred thousands digit of 55169129?
1
What is the tens digit